{"id":6813,"date":"2016-02-26T14:45:06","date_gmt":"2016-02-26T12:45:06","guid":{"rendered":"http:\/\/www.comunismulinromania.ro\/?page_id=6813"},"modified":"2016-04-13T12:22:08","modified_gmt":"2016-04-13T09:22:08","slug":"poporul-ceausescu-romania","status":"publish","type":"page","link":"https:\/\/www.comunismulinromania.ro\/index.php\/poporul-ceausescu-romania\/","title":{"rendered":"Poporul, Ceau\u015fescu, Rom\u00e2nia!"},"content":{"rendered":"<p>[vc_row el_id=&#8221;12345678&#8243; el_class=&#8221;rand1&#8243;][vc_column width=&#8221;2\/3&#8243;][vc_tta_tour][vc_tta_section title=&#8221;1&#8243; tab_id=&#8221;1456489451145-c50e206c-f56c&#8221;][vc_single_image image=&#8221;6709&#8243; img_size=&#8221;large&#8221; alignment=&#8221;center&#8221; onclick=&#8221;zoom&#8221;][\/vc_tta_section][vc_tta_section title=&#8221;2&#8243; tab_id=&#8221;1456489451300-ff5d26f6-4a55&#8243;][vc_single_image image=&#8221;6710&#8243; img_size=&#8221;large&#8221; alignment=&#8221;center&#8221; onclick=&#8221;zoom&#8221;][\/vc_tta_section][vc_tta_section title=&#8221;3&#8243; tab_id=&#8221;1460539170909-63580497-68f6&#8243;][vc_single_image image=&#8221;6872&#8243; img_size=&#8221;large&#8221; alignment=&#8221;center&#8221; onclick=&#8221;zoom&#8221;][\/vc_tta_section][\/vc_tta_tour][\/vc_column][vc_column width=&#8221;1\/3&#8243;][vc_column_text]1. <em>Vizita lui Nicolae \u015fi Elena Ceau\u015fescu \u00een jude\u0163ul Prahova<\/em>; oferit de Comitetul jude\u0163ean de partid; 1977; ulei pe p\u00e2nz\u0103; inv. S2336<\/p>\n<p>2. <em>Moment de s\u0103rb\u0103toare bihorean\u0103;\u00a0<\/em>oferit de Comitetul jude\u0163ean de partid Bihor; 1978; ulei pe p\u00e2nz\u0103; inv. S 6227<\/p>\n<p>3.<em> E tot S\u0103tmarul azi, \u00een s\u0103rb\u0103toare!<\/em>; autori:\u00a0K. Fodor, A. Szilaghi; oferit cu ocazia vizitei \u00een Satu Mare; ulei pe p\u00e2nz\u0103; inv. S 5896[\/vc_column_text][\/vc_column][\/vc_row]<\/p>\n","protected":false},"excerpt":{"rendered":"<p>[vc_row el_id=&#8221;12345678&#8243; el_class=&#8221;rand1&#8243;][vc_column width=&#8221;2\/3&#8243;][vc_tta_tour][vc_tta_section title=&#8221;1&#8243; tab_id=&#8221;1456489451145-c50e206c-f56c&#8221;][vc_single_image image=&#8221;6709&#8243; img_size=&#8221;large&#8221; alignment=&#8221;center&#8221; onclick=&#8221;zoom&#8221;][\/vc_tta_section][vc_tta_section title=&#8221;2&#8243; tab_id=&#8221;1456489451300-ff5d26f6-4a55&#8243;][vc_single_image image=&#8221;6710&#8243; img_size=&#8221;large&#8221; alignment=&#8221;center&#8221; onclick=&#8221;zoom&#8221;][\/vc_tta_section][vc_tta_section title=&#8221;3&#8243; tab_id=&#8221;1460539170909-63580497-68f6&#8243;][vc_single_image image=&#8221;6872&#8243; img_size=&#8221;large&#8221; alignment=&#8221;center&#8221; onclick=&#8221;zoom&#8221;][\/vc_tta_section][\/vc_tta_tour][\/vc_column][vc_column width=&#8221;1\/3&#8243;][vc_column_text]1. Vizita lui Nicolae \u015fi Elena Ceau\u015fescu \u00een jude\u0163ul Prahova; oferit de Comitetul jude\u0163ean de partid; 1977; ulei pe p\u00e2nz\u0103; inv. S2336 2. Moment de s\u0103rb\u0103toare bihorean\u0103;\u00a0oferit de Comitetul jude\u0163ean de partid Bihor; [&hellip;]<\/p>\n","protected":false},"author":1,"featured_media":0,"parent":0,"menu_order":0,"comment_status":"closed","ping_status":"closed","template":"","meta":{"_exactmetrics_skip_tracking":false,"_exactmetrics_sitenote_active":false,"_exactmetrics_sitenote_note":"","_exactmetrics_sitenote_category":0,"footnotes":""},"class_list":["post-6813","page","type-page","status-publish","hentry"],"_links":{"self":[{"href":"https:\/\/www.comunismulinromania.ro\/index.php\/wp-json\/wp\/v2\/pages\/6813","targetHints":{"allow":["GET"]}}],"collection":[{"href":"https:\/\/www.comunismulinromania.ro\/index.php\/wp-json\/wp\/v2\/pages"}],"about":[{"href":"https:\/\/www.comunismulinromania.ro\/index.php\/wp-json\/wp\/v2\/types\/page"}],"author":[{"embeddable":true,"href":"https:\/\/www.comunismulinromania.ro\/index.php\/wp-json\/wp\/v2\/users\/1"}],"replies":[{"embeddable":true,"href":"https:\/\/www.comunismulinromania.ro\/index.php\/wp-json\/wp\/v2\/comments?post=6813"}],"version-history":[{"count":0,"href":"https:\/\/www.comunismulinromania.ro\/index.php\/wp-json\/wp\/v2\/pages\/6813\/revisions"}],"wp:attachment":[{"href":"https:\/\/www.comunismulinromania.ro\/index.php\/wp-json\/wp\/v2\/media?parent=6813"}],"curies":[{"name":"wp","href":"https:\/\/api.w.org\/{rel}","templated":true}]}}